 + 0?
21101212
In base 15, what is -4 - 1c9ee?
-1ca03
In base 12, what is 104 + 3b?
143
In base 14, what is 1ca - -319?
505
In base 3, what is -111110 - 1120?
-120000
In base 13, what is -94 - 241?
-305
In base 9, what is 1645 + -226?
1418
In base 6, what is -4102 + -4?
-4110
In base 15, what is 125c + -13?
1249
In base 12, what is -161 + -15?
-176
In base 5, what is -11213 - -20?
-11143
In base 8, what is 4 - -615170?
615174
In base 13, what is b9960 - -4?
b9964
In base 3, what is 210101210 - 11011?
210020122
In base 7, what is -15 - 536?
-554
In base 13, what is 280 + 19?
299
In base 2, what is 10 + 100100010101?
100100010111
In base 8, what is 3 - -6633?
6636
In base 2, what is -1111011110010 - -10101000?
-1111001001010
In base 12, what is 0 - 670?
-670
In base 2, what is 1101110000100111 - -110011?
1101110001011010
In base 10, what is 297 + -620?
-323
In base 3, what is 2 - -21011?
21020
In base 13, what is -32 + b16?
ab4
In base 9, what is 14 - -2551?
2565
In base 3, what is -2 - -12012001?
12011222
In base 11, what is -116896 - -4?
-116892
In base 10, what is 14279 - 78?
14201
In base 2, what is -1010010111110101001 + 1100?
-1010010111110011101
In base 14, what is 2 + -688?
-686
In base 13, what is -473620 + 5?
-473618
In base 7, what is -11212 + -131?
-11343
In base 12, what is -3 + 390467?
390464
In base 2, what is -100 - -110111000110011111?
110111000110011011
In base 16, what is -96 + -7d0?
-866
In base 3, what is -211 + 10112101?
10111120
In base 11, what is 42 + -1728?
-1696
In base 13, what is 12b352 + 0?
12b352
In base 9, what is 552 - -3?
555
In base 3, what is 211120202201 + 10?
211120202211
In base 8, what is 662 + 4?
666
In base 7, what is -1014 - 126?
-1143
In base 15, what is 1 - 33e5?
-33e4
In base 15, what is 95 + -4c1?
-42b
In base 13, what is 1 - -2c46?
2c47
In base 6, what is 124504234 + 2?
124504240
In base 8, what is 7331 - 2?
7327
In base 4, what is -20232011 - 221?
-20232232
In base 4, what is -3123 + 131303?
122120
In base 8, what is 25062 + -201?
24661
In base 7, what is 2550 + 223?
3103
In base 11, what is -63472 - -1?
-63471
In base 13, what is -3 + -b3110?
-b3113
In base 5, what is -4 + 122112?
122103
In base 16, what is -1a3a6 - 1?
-1a3a7
In base 5, what is 23 + -130431?
-130403
In base 7, what is -115 - 652161?
-652306
In base 14, what is 3b - 3ac39?
-3abdc
In base 11, what is 205 + -6a01?
-67a7
In base 8, what is 2 - -1336?
1340
In base 10, what is -1 - -14104?
14103
In base 13, what is -1 + 5828?
5827
In base 5, what is -32 - -123311?
123224
In base 7, what is 4 - -243566?
243603
In base 11, what is -570 - -82?
-499
In base 8, what is -11615 - -540?
-11055
In base 8, what is 435554 - 4?
435550
In base 11, what is 2 - 145982?
-145980
In base 16, what is 979 + 0?
979
In base 2, what is -110001010000111110 + 1?
-110001010000111101
In base 10, what is -148 + -14416?
-14564
In base 6, what is -4030331 + 2?
-4030325
In base 10, what is -3 + 2418?
2415
In base 14, what is 2c85c - 0?
2c85c
In base 9, what is -3 - 155715?
-155718
In base 9, what is 84 + -136?
-42
In base 11, what is 39 + -363?
-325
In base 8, what is -223 + 10216?
7773
In base 4, what is -123020232 + -3?
-123020301
In base 6, what is 2123 + -123?
2000
In base 12, what is baa + 205?
11b3
In base 6, what is -3 - 100321?
-100324
In base 2, what is -1011001 + -100?
-1011101
In base 16, what is -21bf1 + -2?
-21bf3
In base 7, what is 21412 - -12?
21424
In base 4, what is 20 + -21303110?
-21303030
In base 9, what is -4368 - -122?
-4246
In base 10, what is -256 - 31?
-287
In base 9, what is -1 - 1008284?
-1008285
In base 6, what is -41322 + -1341?
-43103
In base 9, what is 4247 + 23?
4271
In base 11, what is -7 - 3740a?
-37416
In base 3, what is -11210100222221 + 11?
-11210100222210
In base 8, what is -24 + 70?
44
In base 14, what is -3a0 - -19?
-385
In base 5, what is -3 - 11023414?
-11023422
In base 2, what is -1011000 - -10010100010?
10001001010
In base 7, what is 2031 + 223?
2254
In base 12, what is -6a - -26aa?
2640
In base 2, what is -10101111100 + -10010011?
-11000001111
In base 8, what is -1156 + -1722?
-3100
In base 15, what is 1e713a - 5?
1e7135
In base 14, what is -152 - 6175?
-62c7
In base 14, what is 1ba09 - a?
1b9dd
In base 14, what is 4 + -b58d7?
-b58d3
In base 9, what is -224 - 1051?
-1275
In base 2, what is 1 + 10110011111?
10110100000
In base 6, what is -4 + 241534?
241530
In base 12, what is -9 - -654?
647
In base 13, what is -56 - -5ab?
555
In base 8, what is -6607 - 0?
-6607
In base 7, what is 31 + 63541?
63602
In base 5, what is 1041 - -34?
1130
In base 5, what is 231 - 2203334?
-2203103
In base 8, what is 744147 - 0?
744147
In base 9, what is 8 - -13520?
13528
In base 12, what is -2 + 22477?
22475
In base 6, what is 2442 + -1034?
1404
In base 13, what is 4712 + -1c3?
451c
In base 16, what is -8b6 - 1?
-8b7
In base 9, what is 4613621 - -1?
4613622
In base 12, what is b - 29a0?
-2991
In base 9, what is -2654 - -83?
-2561
In base 15, what is -25 - -61c?
5e7
In base 13, what is -516a - 15?
-5182
In base 4, what is -10212331 + -133?
-10213130
In base 9, what is -4 + -308002?
-308006
In base 16, what is d17 - 6?
d11
In base 5, what is 10032300 + -10?
10032240
In base 5, what is 11 + -1131033?
-1131022
In base 8, what is 1630 + -70?
1540
In base 8, what is -1075604 - -10?
-1075574
In base 5, what is 1112044 + 1143?
1113242
In base 6, what is 535411 + -4?
535403
In base 12, what is 1 - 118193?
-118192
In base 8, what is -5 - 654432?
-654437
In base 7, what is -110 + -211516?
-211626
In base 5, what is -23 - 11443?
-12021
In base 16, what is e199 - -2?
e19b
In base 9, what is 26574 - 5?
26568
In base 8, what is -4 + -56045?
-56051
In base 6, what is 23 - -1025001?
1025024
In base 10, what is -694219 - 0?
-694219
In base 11, what is 12 + 4907?
4919
In base 2, what is -1100010101111000 - 0?
-1100010101111000
In base 3, what is -1000 + -2001121?
-2002121
In base 14, what is -4 - bb8b?
-bb91
In base 6, what is -12 - -22134?
22122
In base 4, what is -12211232 - -1003?
-12210223
In base 3, what is 2001220 - -1121?
2010111
In base 14, what is -1408 - 23?
-142b
In base 7, what is -661 + -11620?
-12611
In base 8, what is -25533 - -24?
-25507
In base 10, what is 78615 + -2?
78613
In base 9, what is 1302610 - -6?
1302616
In base 7, what is -133 + 201433?
201300
In base 5, what is -1 - 21110?
-21111
In base 14, what is 121c27 + 1?
121c28
In base 6, what is -12 - 1342150?
-1342202
In base 9, what is 365722 + -5?
365716
In base 14, what is -60 - -1abb?
1a5b
In base 10, what is -1 - -18401?
18400
In base 7, what is 1 - 34541?
-34540
In base 3, what is -12201 + -12222001?
-20011202
In base 13, what is -66 - -34b8?
3452
In base 7, what is 35623 + 5?
35631
In base 4, what is 111 + 110013?
110130
In base 14, what is 4 - 56b?
-567
In base 4, what is -13 - 21123320?
-21123333
In base 11, what is -248334 + -5?
-248339
In base 2, what is 1001 - 10111011001010?
-10111011000001
In base 14, what is -18d266 + -2?
-18d268
In base 9, what is -553 + 126?
-426
In base 16, what is 14f6 - 38e?
1168
In base 15, what is 4 + -43dc?
-43d8
In base 14, what is 127b + -aa?
11b1
In base 8, what is -520401 + 4?
-520375
In base 4, what is 32 + -10020113?
-10020021
In base 10, what is 26215 - -112?
26327
In base 12, what is 77 - 1184?
-1109
In base 9, what is -555356 + 3?
-555353
In base 8, what is -172 - 3212?
-3404
In base 3, what is -1 + -220000200?
-220000201
In base 15, what is -36a + -a9?
-424
In base 4, what is 20020 - 210?
13210
In base 14, what is 199 + -19?
180
In base 2, what is -110110101 - -1111010001?
1000011100
In base 13, what is -3 + 471?
46b
In base 3, what is -100122 + -202200?
-1010022
In base 5, what is 1133032 + 33?
1133120
In base 11, what is -95567 - -22?
-95545
In base 5, what is 1301 + -41143?
-34342
In base 12, what is -56 - 305?
-35b
In base 3, what is -112110112 + 11002?
-112022110
In base 4, what is 11 + -1201213230?
-1201213213
In base 4, what is 3 - 1310220020?
-1310220011
In base 13, what is 1b + -35686?
-35668
In base 2, what is 1000110001 + -10001011011?
-1000101010
In base 11, what is -343 + 31?
-312
In base 11, what is -1 + -4587?
-4588
In base 10, what is -2145014 - 0?
-2145014
In base 8, what is -3 - -55330?
55325
In base 3, what is 112 - -10